{"id":32142,"date":"2025-07-13T10:07:04","date_gmt":"2025-07-13T10:07:04","guid":{"rendered":"https:\/\/aiace-europa.eu\/notifications\/2025-yearly-congress-the-pictures\/"},"modified":"2025-07-13T10:11:54","modified_gmt":"2025-07-13T10:11:54","slug":"2025-yearly-congress-the-pictures","status":"publish","type":"notifications","link":"https:\/\/aiace-europa.eu\/de\/notifications\/2025-yearly-congress-the-pictures\/","title":{"rendered":"2025 Jahreskongress: die Bilder (auf ein Foto klikken um die Diashow zu \u00f6ffnen und die Fotos in voller Gr\u00f6\u00dfe zu sehen)"},"featured_media":16606,"parent":0,"template":"","acf":[],"_links":{"self":[{"href":"https:\/\/aiace-europa.eu\/de\/wp-json\/wp\/v2\/notifications\/32142"}],"collection":[{"href":"https:\/\/aiace-europa.eu\/de\/wp-json\/wp\/v2\/notifications"}],"about":[{"href":"https:\/\/aiace-europa.eu\/de\/wp-json\/wp\/v2\/types\/notifications"}],"wp:featuredmedia":[{"embeddable":true,"href":"https:\/\/aiace-europa.eu\/de\/wp-json\/wp\/v2\/media\/16606"}],"wp:attachment":[{"href":"https:\/\/aiace-europa.eu\/de\/wp-json\/wp\/v2\/media?parent=32142"}],"curies":[{"name":"wp","href":"https:\/\/api.w.org\/{rel}","templated":true}]}}

2025 Jahreskongress: die Bilder (auf ein Foto klikken um die Diashow zu öffnen und die Fotos in voller Größe zu sehen)
